 are the prime factors of 16565?
5, 3313
List the prime factors of 76725.
3, 5, 11, 31
List the prime factors of 44698.
2, 22349
List the prime factors of 46413.
3, 191
What are the prime factors of 2733?
3, 911
What are the prime factors of 1058?
2, 23
List the prime factors of 703.
19, 37
What are the prime factors of 1259?
1259
List the prime factors of 5732.
2, 1433
List the prime factors of 12687.
3, 4229
What are the prime factors of 4406?
2, 2203
What are the prime factors of 2070?
2, 3, 5, 23
List the prime factors of 48969.
3, 5441
List the prime factors of 94138.
2, 11, 389
What are the prime factors of 10095?
3, 5, 673
List the prime factors of 18168.
2, 3, 757
List the prime factors of 12863.
19, 677
List the prime factors of 666.
2, 3, 37
List the prime factors of 61272.
2, 3, 23, 37
List the prime factors of 3316.
2, 829
What are the prime factors of 68666?
2, 13, 19, 139
List the prime factors of 32233.
32233
What are the prime factors of 10364?
2, 2591
List the prime factors of 1495.
5, 13, 23
List the prime factors of 37390.
2, 5, 3739
What are the prime factors of 526?
2, 263
What are the prime factors of 716?
2, 179
What are the prime factors of 138151?
13, 10627
List the prime factors of 2669.
17, 157
List the prime factors of 5.
5
What are the prime factors of 2919?
3, 7, 139
What are the prime factors of 5026?
2, 7, 359
What are the prime factors of 6446?
2, 11, 293
What are the prime factors of 845?
5, 13
List the prime factors of 2481.
3, 827
What are the prime factors of 262?
2, 131
What are the prime factors of 528?
2, 3, 11
What are the prime factors of 1906?
2, 953
What are the prime factors of 26825?
5, 29, 37
List the prime factors of 98.
2, 7
List the prime factors of 5884.
2, 1471
What are the prime factors of 21977?
21977
List the prime factors of 6880.
2, 5, 43
List the prime factors of 58176.
2, 3, 101
What are the prime factors of 2848?
2, 89
What are the prime factors of 1373?
1373
List the prime factors of 12819.
3, 4273
List the prime factors of 1965.
3, 5, 131
List the prime factors of 45892.
2, 7, 11, 149
List the prime factors of 3654.
2, 3, 7, 29
What are the prime factors of 49497?
3, 7, 2357
What are the prime factors of 171226?
2, 11, 43, 181
What are the prime factors of 232?
2, 29
What are the prime factors of 34905?
3, 5, 13, 179
What are the prime factors of 49054?
2, 24527
What are the prime factors of 18038?
2, 29, 311
What are the prime factors of 32021?
11, 41, 71
What are the prime factors of 1849?
43
List the prime factors of 36265.
5, 7253
What are the prime factors of 37?
37
What are the prime factors of 5148?
2, 3, 11, 13
What are the prime factors of 3584?
2, 7
List the prime factors of 2680.
2, 5, 67
List the prime factors of 47310.
2, 3, 5, 19, 83
List the prime factors of 6035.
5, 17, 71
List the prime factors of 1180.
2, 5, 59
What are the prime factors of 110102?
2, 55051
List the prime factors of 351.
3, 13
What are the prime factors of 76321?
7, 10903
List the prime factors of 1650.
2, 3, 5, 11
List the prime factors of 700.
2, 5, 7
What are the prime factors of 4543?
7, 11, 59
What are the prime factors of 43330?
2, 5, 7, 619
What are the prime factors of 142133?
89, 1597
List the prime factors of 220.
2, 5, 11
List the prime factors of 99673.
7, 29, 491
List the prime factors of 94.
2, 47
List the prime factors of 121525.
5, 4861
List the prime factors of 1667.
1667
List the prime factors of 1075.
5, 43
What are the prime factors of 52118?
2, 11, 23, 103
List the prime factors of 1194.
2, 3, 199
List the prime factors of 970.
2, 5, 97
What are the prime factors of 752?
2, 47
What are the prime factors of 29571?
3, 9857
List the prime factors of 609.
3, 7, 29
What are the prime factors of 2544?
2, 3, 53
What are the prime factors of 9023?
7, 1289
List the prime factors of 43.
43
What are the prime factors of 2466?
2, 3, 137
List the prime factors of 4061.
31, 131
What are the prime factors of 587?
587
List the prime factors of 44201.
44201
List the prime factors of 25026.
2, 3, 43, 97
What are the prime factors of 6058?
2, 13, 233
What are the prime factors of 2148?
2, 3, 179
What are the prime factors of 4406?
2, 2203
What are the prime factors of 8819?
8819
What are the prime factors of 9314?
2, 4657
List the prime factors of 194086.
2, 53, 1831
List the prime factors of 14707.
7, 11, 191
What are the prime factors of 653?
653
What are the prime factors of 1077?
3, 359
What are the prime factors of 11309?
43, 263
List the prime factors of 706.
2, 353
What are the prime factors of 5818?
2, 2909
What are the prime factors of 1248?
2, 3, 13
What are the prime factors of 63756?
2, 3, 7, 11, 23
List the prime factors of 32048.
2, 2003
What are the prime factors of 3699?
3, 137
What are the prime factors of 28555?
5, 5711
List the prime factors of 39603.
3, 43, 307
List the prime factors of 2213.
2213
List the prime factors of 2141.
2141
What are the prime factors of 7157?
17, 421
List the prime factors of 52523.
53, 991
List the prime factors of 1962.
2, 3, 109
What are the prime factors of 9941?
9941
List the prime factors of 1649.
17, 97
List the prime factors of 13377.
3, 7, 13
List the prime factors of 1086.
2, 3, 181
List the prime factors of 12985.
5, 7, 53
List the prime factors of 36501.
3, 23
List the prime factors of 9645.
3, 5, 643
What are the prime factors of 2515?
5, 503
What are the prime factors of 1091?
1091
List the prime factors of 985.
5, 197
List the prime factors of 23140.
2, 5, 13, 89
List the prime factors of 24787.
7, 3541
List the prime factors of 15212.
2, 3803
What are the prime factors of 964?
2, 241
What are the prime factors of 19353?
3, 6451
What are the prime factors of 1261?
13, 97
What are the prime factors of 16053?
3, 5351
List the prime factors of 444.
2, 3, 37
List the prime factors of 2064.
2, 3, 43
What are the prime factors of 5547?
3, 43
What are the prime factors of 16215?
3, 5, 23, 47
What are the prime factors of 3470?
2, 5, 347
What are the prime factors of 5684?
2, 7, 29
What are the prime factors of 39754?
2, 11, 13, 139
What are the prime factors of 8015?
5, 7, 229
List the prime factors of 45526.
2, 13, 17, 103
List the prime factors of 21791.
7, 11, 283
What are the prime factors of 4033?
37, 109
List the prime factors of 3850.
2, 5, 7, 11
List the prime factors of 1591.
37, 43
List the prime factors of 19757.
23, 859
List the prime factors of 2256.
2, 3, 47
List the prime factors of 43168.
2, 19, 71
List the prime factors of 2023.
7, 17
What are the prime factors of 39115?
5, 7823
What are the prime factors of 1555?
5, 311
What are the prime factors of 33943?
7, 13, 373
List the prime factors of 8925.
3, 5, 7, 17
List the prime factors of 188.
2, 47
List the prime factors of 1101.
3, 367
What are the prime factors of 103?
103
List the prime factors of 1408.
2, 11
What are the prime factors of 5150?
2, 5, 103
List the prime factors of 1970.
2, 5, 197
List the prime factors of 1452.
2, 3, 11
What are the prime factors of 130466?
2, 7, 9319
What are the prime factors of 2676?
2, 3, 223
List the prime factors of 1928.
2, 241
What are the prime factors of 5347?
5347
List the prime factors of 78304.
2, 2447
What are the prime factors of 6412?
2, 7, 229
List the prime factors of 24821.
24821
List the prime factors of 1639.
11, 149
What are the prime factors of 1006?
2, 503
List the prime factors of 61245.
3, 5, 1361
What are the prime factors of 23161?
19, 23, 53
What are the prime factors of 8742?
2, 3, 31, 47
What are the prime factors of 878?
2, 439
What are the prime factors of 2434?
2, 1217
What are the prime factors of 78568?
2, 7, 23, 61
List the prime factors of 36420.
2, 3, 5, 607
What are the prime factors of 1748?
2, 19, 23
List the prime factors of 1281.
3, 7, 61
What are the prime factors of 974?
2, 487
What are the prime factors of 2031?
3, 677
List the prime factors of 9166.
2, 4583
List the prime factors of 8966.
2, 4483
What are the prime factors of 6946?
2, 23, 151
List the prime factors of 182.
2, 7, 13
What are the prime factors of 5669?
5669
List the prime factors of 6455.
5, 1291
What are the prime factors of 61057?
61057
What are the prime factors of 341?
11, 31
List the prime factors of 1450.
2, 5, 29
What